 common factor of 25 and m.
25
Let n(c) = 3*c**3 - 23*c**2 + 6*c. Let q be n(8). Suppose -2*f + 22 = -6. What is the greatest common divisor of f and q?
14
Let f(x) = -x**3 - x**2 + x + 58. Let o be f(0). Suppose 4*d - o = 46. Let t be d + 4 - 1*3. What is the highest common factor of t and 18?
9
Suppose -271 = 4*l - 815. Calculate the greatest common factor of 17 and l.
17
Suppose 6341 + 10534 = 75*u. What is the highest common factor of u and 75?
75
Suppose -5*x + p = -x - 7, -5*x + 5*p = -5. Suppose 2*q + 2*q - 18 = 5*l, -2*l = x*q. Suppose 5*a - 11 = 69. What is the greatest common divisor of q and a?
2
Suppose 5*r - 101 = -3*f, 8*f + 3*r = 6*f + 67. Calculate the greatest common divisor of 2 and f.
2
Suppose 0 = -15*w + 25*w - 1840. Calculate the greatest common factor of w and 8.
8
Suppose -4*y + 11 + 5 = 4*v, 0 = y - 4*v - 4. Calculate the highest common factor of 36 and y.
4
Let o be 2/4 + 1/2. Let j be 75/(-15) + (-9)/(-1). What is the highest common divisor of j and o?
1
Let a = -27 + 30. Suppose a*l + 374 = 5*l. What is the greatest common factor of l and 17?
17
Let l be 16 - 276/18 - 172/(-3). What is the highest common divisor of 14 and l?
2
Let v = -13 + 4. Let a be ((-6)/v)/(1/12). Suppose -21*n + 20*n = -a. Calculate the greatest common divisor of n and 56.
8
Let w = -25 + 8. Let k = w - -26. Let u = k - -2. Calculate the highest common divisor of u and 33.
11
Let s = -5 + 8. Let o(h) = h**2 + 8*h - 27. Let g be o(-12). What is the highest common divisor of s and g?
3
Let l = -27 + 40. Let z = 1003 - 990. Calculate the highest common factor of z and l.
13
Let i = -13 + -1. Let w = i + 29. Let c = w + -6. Calculate the greatest common divisor of 18 and c.
9
Suppose -5*v - 2*q = -857, -5*v + 0*q + q = -869. Let p be 22/(-99) + (v/9 - 1). Calculate the highest common factor of 18 and p.
18
Suppose -30*h + 1872 = 18*h. Calculate the highest common factor of 351 and h.
39
Let z = 148 + -140. What is the greatest common factor of 8 and z?
8
Let m be ((-10)/15)/((-2)/(-18)). Let b(v) = v**2 + 3*v - 6. Let k be b(m). Calculate the greatest common divisor of k and 3.
3
Let z = 2292 + -2282. What is the highest common divisor of z and 40?
10
Let m(x) = -3*x - 21. Let s be m(-15). Suppose -3*r - 45 = -f, 5*f + r + 4*r - 165 = 0. What is the highest common divisor of f and s?
12
Let s(o) = -11*o**2 + 2*o + 1. Let b be s(-1). Let x = 20 + b. Calculate the highest common factor of x and 12.
4
Let z = 16 + -16. Suppose 4*o + 0 - 12 = z. Suppose o*m = -2*m + 100. What is the highest common divisor of 4 and m?
4
Suppose 58*v - 241 = -d + 56*v, -4*v = 3*d - 725. Calculate the greatest common divisor of 675 and d.
27
Let i be (-15)/75 + 1/5. Suppose 2*t - 4 = -0*t. Suppose -5*y + t*v + v + 42 = 0, 4*y + 3*v - 39 = i. What is the highest common factor of 63 and y?
9
Suppose 9*l - 153 - 9 = 0. Calculate the highest common divisor of 9 and l.
9
Suppose 2*u - 264 = 128. What is the highest common divisor of u and 4?
4
Suppose 20 = 4*n + 4*i, 5*n + 1 - 2 = i. Let g be (-190)/5 - (-4 + n). Let v = 68 + g. What is the highest common factor of v and 11?
11
Let o(z) = 3*z + 10. Let u be o(-8). Let f = -82 + 88. Let b be ((-16)/u)/(f/21). What is the greatest common divisor of b and 8?
4
Let h(a) = a**3 + 4*a**2 - 3*a + 3. Let b be h(-4). Let z(m) = m**2 - 72*m - 43. Let k be z(73). Calculate the highest common factor of k and b.
15
Suppose -y + 0*y = 0. Let m be y - (-39 - (2 - 6)). Calculate the greatest common divisor of 7 and m.
7
Let g = 110 - 108. Let y be (g - 4 - -87)/((-2)/(-2)). What is the highest common divisor of 51 and y?
17
Suppose l - 530 = -9*l. Suppose -5*x - 5*n = 8 - 153, -2*x - n = -l. Calculate the greatest common factor of x and 30.
6
Let u(b) = -12*b - 6. Let f be u(-7). Suppose q = 7*q + q - 182. What is the highest common divisor of f and q?
26
Let f = 691 + -677. Let a = 163 - 93. What is the greatest common factor of a and f?
14
Let x be -2 + 9 + -6 + 3. Suppose -14 = -3*i + c - 3, -x*i + 18 = -2*c. Calculate the highest common divisor of 2 and i.
2
Let r(z) = -112*z. Let j be r(2). Suppose 5*m = 4*d - 1351, -4*d - 2*m = -m - 1381. Let y = j + d. What is the greatest common divisor of y and 15?
15
Let t = -473 + 878. What is the highest common divisor of 162 and t?
81
Let m(v) = v**3 + 6*v**2 + 7*v + 14. Let t be m(-5). What is the greatest common divisor of 64 and t?
4
Let f(o) = -42*o - 102. Let i be f(-3). What is the greatest common factor of 1044 and i?
12
Suppose 28*f - 12*f - 816 = 0. What is the highest common factor of 2499 and f?
51
Let p be (-1 + -1 + 5)*75. Let y be 0/((-2)/4*-4). Suppose y*s + 75 = 3*s. What is the highest common divisor of s and p?
25
Let l = 47 + -45. Suppose 0 = b + 4, -3*r = -l*r - b - 169. Calculate the greatest common factor of r and 66.
33
Suppose -383*v + 384*v - 20 = 0. What is the greatest common divisor of 4 and v?
4
Let r be 105/(-14)*(-4)/6. Suppose 23 = -r*o + 58. Let a(d) = d + 3. Let t be a(o). Calculate the highest common divisor of 10 and t.
10
Suppose -2*i - 2*f + 263 = -75, -2*i + 341 = 5*f. What is the highest common divisor of 210 and i?
42
Let a = -44 + 46. Suppose -3*v + 110 = -a*v. What is the greatest common factor of v and 10?
10
Suppose -857 = c + 3*c + y, -210 = c - 4*y. Let f = -126 - c. What is the greatest common divisor of f and 8?
8
Let a = 1557 - 1509. Let y(t) = -t**3 - 8*t**2 - 8*t - 1. Let b be y(-7). What is the greatest common factor of a and b?
6
Let r(i) = -i**3 + 18*i**2 - 17*i + 2. Let d be r(17). Suppose 5*p + d*k - 108 = 2*p, 0 = -4*p + 3*k + 144. Calculate the greatest common factor of 60 and p.
12
Let k(g) = g**3 + 17*g**2 + 15*g - 27. Let t be k(-16). Let l(o) = o**3 + 12*o**2 - 15*o - 14. Let s be l(t). Calculate the greatest common factor of 16 and s.
16
Suppose 0 = -3*v - 3*v + 5934. Suppose 3*r + 3*t + 2*t - 589 = 0, 5*r + t = v. What is the highest common factor of 18 and r?
18
Suppose -2*n + 223 = -q + 4*q, -3*n - 320 = -4*q. Calculate the highest common factor of q and 133.
7
Suppose 4*m - 4*f = 3*m - 6, -3 = -2*m + 5*f. What is the highest common divisor of 16 and m?
2
Suppose 3*z = -5*x + 993, -22*z = -26*z - 4*x + 1332. What is the greatest common divisor of z and 63?
21
Suppose -14 = -o + 12. What is the greatest common divisor of 117 and o?
13
Let s(q) = -4*q**2 - 8*q - 7. Let r be s(-4). Let g(c) = 24*c - 1. Let z be g(3). Let w = z + r. Calculate the highest common factor of 4 and w.
4
Suppose -4*a - 552 = -16*a. Calculate the highest common factor of a and 368.
46
Let r = 1147 + -1055. Calculate the highest common factor of 12 and r.
4
Let w(t) = t**2 + 7*t + 10. Let l be w(-7). Let v be (-2090)/(-12) + (-3)/18. Let u = v - 104. Calculate the greatest common factor of u and l.
10
Let l = -4 + 1. Let t be (6 + l)/(-6) + (-385)/(-14). Calculate the greatest common factor of t and 18.
9
Suppose -14*c + 2*c = -60. Let m(a) be the first derivative of -13*a**2/2 - 4*a - 2. Let b be m(-3). What is the greatest common factor of c and b?
5
Suppose 3*u + 91 = -2*p, -5*u - 54 = -3*p + 66. Let r be -2 - -4 - 2 - u. What is the greatest common divisor of 18 and r?
9
Suppose -3*f = -5*d - 133, 97 = 2*f - d - 4*d. What is the highest common factor of 30 and f?
6
Let y(j) = j + 7. Suppose -4*v + 99 = -i, -4*v + 0*i + 119 = 3*i. Let h be y(v). What is the greatest common divisor of h and 11?
11
Let h(t) = -88*t - 439. Let v be h(-19). Calculate the greatest common divisor of 9 and v.
9
Suppose -4*w - 4*c = -620, 0*w + 324 = 2*w - 5*c. Let n = -112 + w. What is the highest common divisor of n and 5?
5
Let a(p) = p - p**3 + 2*p**3 + 30 - 5 + 19. Let r be a(0). Let n be (1/(3/33))/1. Calculate the highest common divisor of r and n.
11
Suppose -u + 1 = -3. Suppose 64 = u*q - 2*q. Calculate the highest common factor of 16 and q.
16
Suppose 2*u = f - 94, 85 = 7*f - 6*f + u. Calculate the greatest common factor of f and 242.
22
Suppose 33 = -7*k - 9. Suppose 3*r = -2*w + 30, 0*w = w - 2*r - 22. Let n = w + k. Calculate the highest common factor of n and 4.
4
Let s = 45 + -27. Suppose 0 = -5*p - 0*v + 2*v + 16, s = 5*p - v. What is the highest common divisor of 36 and p?
4
Suppose -4*b + 3*m = -2*m - 108, 0 = 3*m. Let q = 30 - b. Suppose 0*a = -q*a, 0 = 4*